766.
2, 11, 1461853
What are the prime factors of 60207920?
2, 5, 149, 5051
What are the prime factors of 29360803?
29360803
List the prime factors of 49748806.
2, 199, 239, 523
List the prime factors of 381864877.
381864877
List the prime factors of 104780584.
2, 41, 319453
List the prime factors of 3261523976.
2, 29, 853, 16481
List the prime factors of 5088225235.
5, 103, 1861, 5309
What are the prime factors of 1233280682?
2, 383, 1610027
What are the prime factors of 2747714683?
7, 37, 61, 173917
What are the prime factors of 54359443?
54359443
What are the prime factors of 175126021?
7, 19, 101, 13037
List the prime factors of 15924664.
2, 7, 284369
What are the prime factors of 840358656?
2, 3, 364739
What are the prime factors of 446750285?
5, 293, 304949
List the prime factors of 9650286.
2, 3, 173, 1033
List the prime factors of 46682403.
3, 15560801
What are the prime factors of 50047319?
7, 7149617
What are the prime factors of 1861801658?
2, 31, 337, 89107
What are the prime factors of 680129115?
3, 5, 17, 41, 65053
List the prime factors of 223198386.
2, 3, 37199731
What are the prime factors of 60510659?
11, 5500969
List the prime factors of 349228399.
13, 17, 463, 3413
What are the prime factors of 74268333?
3, 29, 1171
What are the prime factors of 285369677?
347, 822391
What are the prime factors of 274365003?
3, 11, 463, 17957
What are the prime factors of 353289405?
3, 5, 7, 3364661
What are the prime factors of 307102979?
191, 449, 3581
List the prime factors of 625897954.
2, 11, 28449907
List the prime factors of 238673324.
2, 59668331
List the prime factors of 1206046402.
2, 11, 17, 3224723
List the prime factors of 418736750.
2, 5, 1674947
List the prime factors of 1554776909.
7, 59, 641, 839
List the prime factors of 105926846.
2, 52963423
What are the prime factors of 2359795632?
2, 3, 49162409
What are the prime factors of 512826294?
2, 3, 85471049
What are the prime factors of 822204672?
2, 3, 1070579
What are the prime factors of 94991840?
2, 5, 23, 83, 311
What are the prime factors of 2687049057?
3, 7, 11, 1057477
What are the prime factors of 967615097?
151, 6408047
List the prime factors of 21132733.
21132733
What are the prime factors of 124945508?
2, 1783, 17519
What are the prime factors of 244532513?
53, 67, 68863
What are the prime factors of 244733499?
3, 31, 877181
What are the prime factors of 42481768?
2, 7, 743, 1021
What are the prime factors of 4366096?
2, 7, 5569
List the prime factors of 9891972.
2, 3, 274777
What are the prime factors of 1502491406?
2, 13, 57788131
What are the prime factors of 61058575?
5, 1013, 2411
List the prime factors of 214694027.
397, 479, 1129
List the prime factors of 82208575.
5, 3288343
What are the prime factors of 10656409?
101, 105509
List the prime factors of 36352661.
1231, 29531
List the prime factors of 72312410.
2, 5, 997, 7253
List the prime factors of 646166492.
2, 67, 2411069
List the prime factors of 252221884.
2, 19, 3318709
What are the prime factors of 1266672364?
2, 13523, 23417
What are the prime factors of 130319940?
2, 3, 5, 2171999
List the prime factors of 7807477993.
7, 3917, 284747
What are the prime factors of 20279616?
2, 3, 7, 79, 191
What are the prime factors of 2641804499?
2957, 893407
What are the prime factors of 57096080?
2, 5, 827, 863
List the prime factors of 5481479.
1733, 3163
What are the prime factors of 6117848958?
2, 3, 13, 359, 218479
What are the prime factors of 168538029?
3, 11, 5107213
What are the prime factors of 952914052?
2, 238228513
What are the prime factors of 84254047?
53, 83, 107, 179
List the prime factors of 63014562.
2, 3, 13, 53, 5081
What are the prime factors of 54043070?
2, 5, 71, 103, 739
What are the prime factors of 69704366?
2, 34852183
List the prime factors of 1801768171.
7, 17, 47, 46021
List the prime factors of 1466211547.
1466211547
What are the prime factors of 460994160?
2, 3, 5, 11, 41, 4259
List the prime factors of 45361081.
45361081
What are the prime factors of 3376438538?
2, 11, 153474479
List the prime factors of 1734919999.
1734919999
List the prime factors of 229448082.
2, 3, 17, 113, 1171
What are the prime factors of 163417198?
2, 7, 967, 12071
What are the prime factors of 2150873320?
2, 5, 17, 59, 53611
List the prime factors of 63114041.
7393, 8537
List the prime factors of 1570885081.
1570885081
What are the prime factors of 570518238?
2, 3, 43, 61, 36251
List the prime factors of 117067574.
2, 13, 89, 50591
What are the prime factors of 27952713?
3, 3105857
List the prime factors of 274055094.
2, 3, 15225283
List the prime factors of 338778208.
2, 19, 557201
What are the prime factors of 126445821?
3, 42148607
List the prime factors of 1555344517.
1555344517
What are the prime factors of 366845323?
13, 197, 143243
What are the prime factors of 29652745?
5, 233, 25453
List the prime factors of 41840640.
2, 3, 5, 227
What are the prime factors of 308063690?
2, 5, 11, 773, 3623
List the prime factors of 29786172.
2, 3, 13, 41, 4657
What are the prime factors of 600830566?
2, 7, 42916469
List the prime factors of 22887437.
1283, 17839
What are the prime factors of 114574452?
2, 3, 9547871
What are the prime factors of 1403941538?
2, 421, 1667389
List the prime factors of 812856207.
3, 17, 3163, 5039
List the prime factors of 188847763.
13, 41, 139, 2549
List the prime factors of 531499873.
531499873
What are the prime factors of 65303740?
2, 5, 3265187
List the prime factors of 40912424.
2, 7, 41, 103, 173
What are the prime factors of 13456597?
7, 11, 174761
What are the prime factors of 824245204?
2, 17, 23, 47, 11213
What are the prime factors of 851264472?
2, 3, 35469353
List the prime factors of 1533137543.
7, 1163, 188323
List the prime factors of 85370176.
2, 1333909
What are the prime factors of 145552456?
2, 7, 1031, 2521
List the prime factors of 3232482593.
29, 683, 163199
What are the prime factors of 407596991?
407596991
What are the prime factors of 2535831006?
2, 3, 23, 1543, 11909
List the prime factors of 42562466.
2, 23, 925271
What are the prime factors of 22646863?
73, 310231
What are the prime factors of 218680848?
2, 3, 47, 79, 409
List the prime factors of 679570296.
2, 3, 173, 163673
What are the prime factors of 120606775?
5, 19, 253909
What are the prime factors of 177906150?
2, 3, 5, 23, 17189
List the prime factors of 1565836491.
3, 8719, 59863
What are the prime factors of 21760221?
3, 7, 17, 60953
What are the prime factors of 49082541?
3, 16360847
What are the prime factors of 2654205439?
881, 3012719
What are the prime factors of 1574769618?
2, 3, 271, 449, 719
What are the prime factors of 90782149?
90782149
List the prime factors of 17980188.
2, 3, 1498349
List the prime factors of 221551013.
1823, 121531
List the prime factors of 408171970.
2, 5, 47, 868451
List the prime factors of 2552715100.
2, 5, 13, 37, 73, 727
What are the prime factors of 428852558?
2, 214426279
What are the prime factors of 30041847?
3, 11, 11239
List the prime factors of 18156227.
18156227
List the prime factors of 4947570200.
2, 5, 211, 117241
What are the prime factors of 5237690662?
2, 59, 1667, 26627
List the prime factors of 28569410.
2, 5, 97, 29453
List the prime factors of 2176732054.
2, 7, 17, 29, 315377
List the prime factors of 638133424.
2, 659, 60521
What are the prime factors of 344491043?
13, 17, 53, 29411
List the prime factors of 413100329.
337, 1225817
What are the prime factors of 1072587563?
19, 56451977
List the prime factors of 1716524.
2, 17, 25243
List the prime factors of 109904163.
3, 36634721
List the prime factors of 8048905474.
2, 4024452737
What are the prime factors of 2253740?
2, 5, 112687
List the prime factors of 22958414.
2, 31, 353, 1049
What are the prime factors of 83568943?
83568943
List the prime factors of 492042630.
2, 3, 5, 73, 224677
List the prime factors of 50625368.
2, 6328171
What are the prime factors of 18712336?
2, 1169521
List the prime factors of 943544212.
2, 13, 1307, 13883
What are the prime factors of 211813309?
211813309
What are the prime factors of 912693498?
2, 3, 23, 71, 93151
List the prime factors of 813431650.
2, 5, 16268633
What are the prime factors of 40848502?
2, 1103, 18517
What are the prime factor